re the prime factors of u?
3, 19
Suppose 2*x - 12 = -x. Suppose -x*h = 3*h + 1666. Let o = -139 - h. What are the prime factors of o?
3, 11
Let g(o) = o**3 + 8*o**2 - 5*o - 42. Let i be g(-6). Suppose -48*d - 5868 = -i*d. List the prime factors of d.
3, 163
Let j(h) be the first derivative of 65*h**3/3 - 51*h**2/2 + h + 87. List the prime factors of j(-3).
739
Suppose 69 = -4*z - 31. Let j = z - -22. Let i(t) = -45*t - 3. List the prime factors of i(j).
2, 3, 11
Suppose 3*u - 1225 = -10*y, -257 = -2*y - u - 2*u. Let b = -31 + 158. Let g = b - y. What are the prime factors of g?
2, 3
Let z(r) = -6*r - 3. Let f be z(-1). Suppose -f*o + 79 - 220 = 0. List the prime factors of 4/12*-1*3*o.
47
Let l(y) = 4*y**2 + 2*y + 6. Let h(f) = -2*f**2 + 2*f + 2. Let v(d) = d**2 - d - 1. Let b(x) = -5*h(x) - 8*v(x). Let a be b(0). List the prime factors of l(a).
2, 3
Suppose 6*w = -b + 3217 + 4401, 3*w = 3*b - 22896. What are the prime factors of b?
2, 5, 7, 109
Let z = 46 - 43. Suppose 0 = -4*t + z*m + 289, 0*t + 2*t + 5*m - 177 = 0. Suppose 4*o = 296 - t. List the prime factors of o.
5, 11
List the prime factors of ((-1141)/326)/(2/(-6) + 4403/13218).
7, 2203
Let g = 7 - 1. Suppose 0*l - g*l = -12. What are the prime factors of -67*2*l/(-4)?
67
Let l(b) be the second derivative of b**5/4 + 5*b**4/12 - 7*b**3/2 + 24*b**2 - 154*b. What are the prime factors of l(6)?
2, 3, 197
Let a(n) = 2*n**3 - 4*n**2 + n + 2. Let x be a(2). Let w = 63 - 59. Suppose g = -x*q + 796, w*q + 4*g = -0*q + 784. What are the prime factors of q?
2, 5
Let h(p) be the third derivative of p**5/20 - 7*p**4/12 + 23*p**3/6 - 16*p**2. Let u be h(9). Suppose 7*o - u = 3*o. List the prime factors of o.
5, 7
Let o(y) = y**3 + 46*y**2 - 29*y - 1. What are the prime factors of o(-46)?
31, 43
Let b = -137 - -226. Suppose 3*y - 5*g - 1357 + b = 0, -1700 = -4*y + 2*g. What are the prime factors of y?
2, 3, 71
Let d(m) = -253*m - 2412. What are the prime factors of d(-71)?
15551
Let f(g) = 106*g**2 - 44*g + 33. Let i be f(11). List the prime factors of (-4)/((-140)/i) - (-6)/14.
2, 3, 59
Let d(o) = 3*o - 59. Let h be d(-12). Let c = h - -452. List the prime factors of c.
3, 7, 17
Let m(u) = u**3 + 14*u**2 + 15*u - 32. Let t(h) = h. Let d(s) = m(s) - 3*t(s). Let o be d(-13). List the prime factors of (-2 - -5 - o)/(2/8).
2, 11
Suppose 4*s + 205 = -5*m, 3*s - 7*s - 195 = -5*m. Let c = s - -52. What are the prime factors of (c*2 + -2 + -3)*-211?
211
List the prime factors of 1481 - (10 - (6 + 5)).
2, 3, 13, 19
Let z be ((-63)/(-6) - 10)*-39*20. What are the prime factors of (z/(-8))/(9/24) - -1?
131
Let j be 7*9*2 - -2. Suppose 0 = -l - 4762 + 4765. Suppose l*x = j + 301. List the prime factors of x.
11, 13
Let j(w) = -w**2 + 50 - 24*w + 7*w - 43. List the prime factors of j(-10).
7, 11
Suppose 5*l = -5*j + 78815, -2*j + 3*l + 37991 - 6500 = 0. List the prime factors of j.
2, 3, 13, 101
Let g = 38312 - 18511. What are the prime factors of g?
19801
Let p(c) = 9*c - 7. Let u be p(-8). Let w = 148 + u. Suppose 0 = -x + 35 + w. What are the prime factors of x?
2, 13
Suppose 8980 = 5*h + 8*d, -4*h + 3*h + 2*d = -1778. List the prime factors of h.
2, 3, 149
Let z(y) = -2*y**2 + 512*y + 767. List the prime factors of z(184).
137, 199
Let x(v) = -v**3 - 9*v**2 + 4. Let d(p) = -2*p**2 + p - 3. Let a be d(2). Let u be x(a). Suppose 34 = q - u*o, 10 = o - 3*o. What are the prime factors of q?
2, 7
Let a(o) = 425*o**2 + 29*o + 24. What are the prime factors of a(6)?
2, 3, 7, 41
Suppose 0*v + 48766 = 5*v + 2*y, -2*v - 5*y = -19519. What are the prime factors of v?
2, 23, 53
Let p = 5611 - -3979. List the prime factors of p.
2, 5, 7, 137
Let c(d) = 15*d**2 - 17*d - 22. List the prime factors of c(-9).
2, 673
Let u(m) = -m**2 - 24*m - 58. Let z be u(-22). What are the prime factors of (-12)/z + 3851/7?
19, 29
Let n(w) = -12*w - 18. Suppose -6*t - 10 = -40. Suppose t*i = i - 36. What are the prime factors of n(i)?
2, 3, 5
Let v(w) = -4210*w - 491. What are the prime factors of v(-3)?
61, 199
Let o = -15457 + 38573. What are the prime factors of o?
2, 5779
Suppose -255*q + 907160 = -215*q. List the prime factors of q.
22679
Suppose 0 = -83*g + 77*g - 408. Let i = 75 + g. Suppose -72 = i*j - 814. What are the prime factors of j?
2, 53
Suppose -4*a + 9006 = j, -5*a + 6726 = -2*a - 4*j. What are the prime factors of a?
2, 3, 5
Suppose 337 = -5*d + 77. Let f = 171 + d. Let t = f + 68. List the prime factors of t.
11, 17
Let y(g) = g**3 + 26*g**2 + 36*g + 54. Let v be y(-18). Suppose -10938 + v = -15*u. List the prime factors of u.
2, 149
Suppose 3*a - 9 = 0, -2*a + 4*a = 4*x - 42. Suppose x*c = 8*c + 1320. Suppose c = 4*p - 2*j, -5*p + j = -2*p - 249. What are the prime factors of p?
2, 3, 7
Let m be 80/4*78/8. Suppose 0 = 3*a - 2*a - m. Suppose -3*s = -234 - a. What are the prime factors of s?
11, 13
Let j(d) be the second derivative of -d**2 - 1/4*d**4 + 0 - 14*d + 7/6*d**3 + 9/10*d**5. What are the prime factors of j(2)?
2, 3
Let d be (-6)/(5 + -2)*(0 - 2). Suppose -5*p = -d*y - 1514, 225 - 1139 = -3*p + y. List the prime factors of p.
2, 3, 17
Let p(f) = -f**3 + 17*f**2 - 18*f + 32. Let c be p(16). Suppose 5*r - 5*o - 2025 = c, -o = r - 419 + 18. List the prime factors of r.
13, 31
Suppose -2*f - 2*j = -3768, 0 = 5*f + 5*j - j - 9423. List the prime factors of f - (1 - (-2 - 5)).
1879
Let u be (-12)/(-20) - (-86)/(-10). Let r(c) = -13*c - 310. Let n be r(-24). List the prime factors of n*((-92)/u - -2).
3
Let z(q) = 18*q**2 - 5*q - 137. Let j be z(-14). Suppose 29*d = j + 16404. What are the prime factors of d?
5, 137
Let x = 885 - 885. Suppose -109*t + 100*t + 6111 = x. What are the prime factors of t?
7, 97
Suppose 0 = -5*c - 10*t + 8*t + 35224, -c = 4*t - 7034. What are the prime factors of c?
2, 13, 271
Suppose 3*h + 96 = 15*h. What are the prime factors of (-38)/h*((-6 - -8) + -26)?
2, 3, 19
Let x(r) = 65*r**2 + 123*r - 3. Let b(w) = 16*w**2 + 31*w - 1. Let v(i) = 9*b(i) - 2*x(i). List the prime factors of v(-7).
2, 113
Let b(i) = -i**3 + 70*i**2 - 254*i - 83. List the prime factors of b(65).
2, 11, 103
Suppose -2*g - 3*g - 2*m + 57 = 0, 3*g = 4*m + 29. Let o(k) = k - 10. Let a be o(g). Let b(n) = 30*n**2 - 2*n + 3. List the prime factors of b(a).
31
Suppose -3*j - 20 + 1061 = 5*h, -203 = -h + 2*j. Let b = 563 - h. What are the prime factors of b?
2, 89
What are the prime factors of (-655)/(-2620) + 4/((-32)/(-2502))?
313
Let s(u) = 3*u**2 + 11. Suppose 5*c = 5*d + 6*c + 42, 4*d + 5*c = -42. What are the prime factors of s(d)?
7, 29
Suppose 0 = -24*x - 1027 - 293. Let v = x + 386. List the prime factors of v.
331
Suppose l + 7 = 8. Suppose 2 = 2*x - a, -5*a + 7 = -4*x - l. Suppose -2*r - 140 = -x*r - w, w = 4*r - 575. List the prime factors of r.
11, 13
Suppose 0 = -131*w + 133*w + 12, -11052 = -2*k + 2*w. List the prime factors of k.
2, 3, 5, 23
Suppose 5*k = 4*g - 20, 23*g - 4 = 18*g + k. Suppose 14*p - 2031 - 7069 = g. List the prime factors of p.
2, 5, 13
Let m(i) = -4*i - 3 - 3*i - 14 + 5. Let f be m(9). Let o = 91 - f. List the prime factors of o.
2, 83
Let s(k) = 8*k + 1. Suppose -165 - 59 = -4*u. Suppose u = -0*x + 7*x. List the prime factors of s(x).
5, 13
Suppose -67*a + 76*a - 54 = 0. Suppose 2475 = a*z - 135. List the prime factors of z.
3, 5, 29
Let x = 840 - 1407. Let n = 131 + x. Let b = -263 - n. What are the prime factors of b?
173
Let s(z) be the third derivative of z**6/120 - 43*z**5/60 + 5*z**4/2 - 20*z**3/3 + 137*z**2. What are the prime factors of s(42)?
2, 179
Let a(b) = 9*b + 1. Let y(d) = -d**2 - d + 1. Let n(o) = -a(o) - 6*y(o). Let q be n(-3). What are the prime factors of (-3 + -2 - -4) + q?
5, 11
Suppose 104*i - 2178426 = -10*i. List the prime factors of i.
97, 197
Let q be (0 + -2 + 3)*113. Let c = 302 - q. Suppose 3*z - c = -0*z. What are the prime factors of z?
3, 7
Suppose -5*k + 16560 = -4045. What are the prime factors of k?
13, 317
Suppose 196*g - 120*g = 119*g - 1441704. What are the prime factors of g?
2, 3, 11, 127
Suppose 12*i - 30*i = 24102. Let p = -858 - i. What are the prime factors of p?
13, 37
Suppose 0 = -18*q - 36 - 18. What are the prime factors of (-9)/(4/564*q)?
3, 47
Suppose -2*v + 27*v + 18*v - 775247 = 0. List the prime factors of v.
11, 149
Let z(f) = -f*